 + 4*k(f). What is g(4)?
12
Let w be 2*2/(4/3). Suppose -w*x - 3 = -12. Let h(d) = -4*d**3 + 3*d**2 - 8*d - 2. Let b(c) = -3*c**3 + 2*c**2 - 7*c - 1. Let n(u) = 5*b(u) - 4*h(u). Give n(x).
3
Let y(z) = 213*z - 29*z + 9 - 186*z. Suppose -14 = -2*h - 0*h. What is y(h)?
-5
Let l(b) = 5*b - b - b**2 + 5*b - 4. Let x(o) = -9*o + 23. Let j be x(2). What is l(j)?
16
Let l(g) be the third derivative of -g**4/6 + 6*g**3 - 925*g**2. Calculate l(8).
4
Let f(z) = z**3 - 6*z**2 + 5*z + 12. Let o be f(5). Let s be o + (-1 - (-12)/(-6)). Let b(y) = -2*y + 13. Calculate b(s).
-5
Let s(t) = t - 5. Let f(p) = -p**3 + 12*p**2 + p - 7. Let a be f(12). Suppose v + a = 10. Give s(v).
0
Let z(g) = -g**3 - 22 + 28*g + 7 - 20*g - 8*g**2. Calculate z(-9).
-6
Let h(p) = -7*p - 3. Let n be (-90)/(-15) + -8 + -1. What is h(n)?
18
Let d(u) = u**2 - 5*u - 4. Let p be d(5). Suppose 0 = -5*o + 16*o + 66. Let n = o - p. Let q(t) = -t**3 - t**2 + t + 1. Calculate q(n).
3
Let d(j) = j**3 + 15*j**2 - 5*j - 18. Let x(r) = r**2 - r - 1. Let v(g) = d(g) - 5*x(g). Determine v(-10).
-13
Suppose 15*c - 20 = 19*c. Let a = c - -2. Let m(v) = v**3 + 2*v**2 - 4*v - 1. Calculate m(a).
2
Let x be 2/(-4)*(-5 - 5). Suppose -4 - 11 = -x*q. Let i(f) = 3*f**2 + 3 + 2*f**2 - 3*f**2 + 3*f - 3*f**2. Determine i(q).
3
Let f(n) = 31*n**2 - 9*n + 28. Let s(u) = 15*u**2 - 4*u + 13. Let h(v) = 6*f(v) - 13*s(v). What is h(-1)?
-8
Let a(r) = -r**2 + 7*r + 2. Let n(s) = s**2 - 6*s - 1. Let t(u) = -4*a(u) - 3*n(u). Determine t(6).
-29
Let b be (6/9)/((-4)/12). Let t be -2 + -1 + (-25)/(-5). Let f(x) = 1 + 0 + 0 - x**t + 1. Give f(b).
-2
Let z(c) = c**3 + 4*c**2 + 2*c + 2. Suppose 5*w = -2*u + 21, -5*u - 6*w + 30 = -w. Suppose -5*n - u = 17. What is z(n)?
-6
Let b(c) = -c**2 + 7*c - 4. Let h be b(7). Let l be ((-6)/h)/((-21)/(-364)). Suppose l = -5*t - 9. Let p(u) = u**2 + 7*u + 1. Give p(t).
1
Let m(q) = -2*q**3 + 11*q**2 - 5*q + 1. Let u be m(5). Let l(h) = 27*h + 5. Let d(n) = -9*n - 2. Let o = 12 + -20. Let g(f) = o*d(f) - 3*l(f). What is g(u)?
-8
Let n = -74 - -77. Let l(p) = n*p**3 + 6*p**2 + 3*p**3 - 3*p**3 - 2*p - 4*p**3. Calculate l(6).
-12
Suppose 3 = -2*z - 3. Let p = 13 - 10. Let f(i) = 2*i + 3 - p - 4 + 1. Calculate f(z).
-9
Let j(y) be the first derivative of 5*y**2/2 + y + 97. What is j(-2)?
-9
Let i = -37 - -43. Let g be (3 - -9 - 1) + -3. Let l(x) = -g*x + 4 + x**2 - 4 + 9 + x. Determine l(i).
3
Let u = -721 - -728. Let f(n) = -6*n + 41. Calculate f(u).
-1
Let h(a) be the first derivative of 2*a**2 + 325. Determine h(-3).
-12
Suppose 7 = -2*o - 3. Let c(p) be the third derivative of -p**4/12 - 7*p**3/6 + 4*p**2 + 104. Determine c(o).
3
Let n be 90/(-21) + 6/21. Let i(v) = 3*v**2 + 2*v + 1. Let k(o) = 2*o**2 + 3*o. Let p(j) = n*k(j) + 3*i(j). Let h = -7 - -13. Calculate p(h).
3
Suppose n - 4*g - 18 = 0, 7*n = 2*n - g + 6. Let w(q) = 3 + 4*q**2 - 2*q**n - q**2 + 3 - 7*q. Give w(6).
0
Let w(i) = -i**2 + 3*i - 1. Suppose 3*j - 24 = -j. Let t be (j/(-10))/((-4)/20). Determine w(t).
-1
Let z(d) = 2*d**3 - 3*d. Let b be z(-4). Let i = b + 116. Let v(p) = -3*p + p + p + p**2. Give v(i).
0
Let v(c) = 17*c + 11*c**2 + 4*c + 0 + 4*c**3 + 10*c - 16. Let a(r) = -3*r**3 - 7*r**2 - 21*r + 11. Let n(k) = 7*a(k) + 5*v(k). Give n(7).
4
Let v(c) = 5 - 8 + 11*c + 11 - 7*c + 2. Give v(-5).
-10
Let s(b) = -8*b**3 - b**2. Suppose -w + 15 = 4*a, -3*a + 5*a = 8. Calculate s(w).
7
Let n(x) = -x**2 - 3*x + 2. Suppose -a + 3*b = -20, -4*a + 48 = 2*b - 6*b. Let w be a/10 - (-19)/(-5). Let k be (0 + w)/(1/1). Calculate n(k).
2
Let f(p) = 0 + 3*p + 2 - 2*p**2 + p**2 - 3. Suppose -2*z + n - 2 = -27, 3*z = -2*n + 20. Suppose -4 = 9*l - z*l. Determine f(l).
-5
Let z(n) be the third derivative of n**5/60 + 7*n**4/12 + 5*n**3/6 + 139*n**2. Determine z(-14).
5
Let o(d) = 17*d**2 + 32*d + 7. Let p(t) = -2*t**2 - 3*t. Let j(u) = -o(u) - 8*p(u). Suppose -v - 5 = 1. What is j(v)?
5
Let g(h) = -h**3 + 10*h**2 + 14*h - 14. Let y be g(11). Let n = -12 + y. Let j(l) = l**3 - 7*l**2 - 2*l + 10. Calculate j(n).
-4
Let r(l) = 3*l**3 - l**2 - l. Suppose 3 + 5 = -4*p. Let t be (-2)/(-12)*-8 + p/(-6). Calculate r(t).
-3
Let i(t) = -5*t**2 - 3*t + 4. Let b(c) = -2*c**2 + c + 1. Let n(u) = 2*b(u) - i(u). Determine n(-4).
-6
Let m(j) = -j**3 - j**2 - 3*j + 2. Let w be m(3). Let z = -71 - w. Let o be 8/z + 2/7. Let a(d) = d**2 + d - 4. Calculate a(o).
-4
Suppose -54 = -3*p - 0. Suppose 4 + p = 2*c. Let a(z) = -2*z**2 + z**2 - 2 + c. Calculate a(0).
9
Let f(u) = u + u + 2*u**2 + 0*u**2 - 6*u**2 + 7*u**2 - 4*u**3 + 2. What is f(-2)?
42
Let z(g) be the third derivative of -g**5/30 - g**4/2 + 11*g**3/6 + 309*g**2 - 3*g. Give z(-9).
-43
Let c(w) = 3*w**3 - 5*w**2 - 3*w - 1. Let s(k) = 7*k**3 - 10*k**2 - 7*k - 1. Let d(t) = -5*c(t) + 2*s(t). Determine d(5).
8
Let f = -18 + 27. Suppose f*c + 11 + 7 = 0. Let u(t) = t**3 - 3*t**2 - 2*t + 1. Calculate u(c).
-15
Let y(p) = -p**3 - 3*p**2 + p - 3. Let o(m) = m**3 - m**2 - m + 62. Let h be o(0). Let b = -65 + h. Calculate y(b).
-6
Let i(j) = -10*j + 170. Let v be i(17). Let o(f) = -3*f - 4. Let h(r) = -r - 1. Let l(t) = -2*h(t) + o(t). Give l(v).
-2
Let t(o) be the first derivative of -2*o**2 - 5*o - 140. Give t(-9).
31
Let u = -16 - -19. Let c be 1/1*(-2 - u). Let i(w) = -3*w - 4. Calculate i(c).
11
Let r(s) = -1 + 15 + 2*s + 1 + 0*s + 9. Give r(-10).
4
Let z(d) be the third derivative of -3*d**4/8 + 2*d**3/3 - 7*d**2 - d. Give z(1).
-5
Suppose -2*s - 2*f - 2*f + 132 = 0, 4*s + 5*f = 255. Let x be 4/(-30) - (-1)/(s/368). Let p(o) = o**3 - 5*o**2 - 9*o + 8. Give p(x).
-10
Let d(l) = -l**3 - 6*l**2 - l - 2. Suppose -294 = 18*u + 31*u. Calculate d(u).
4
Let s(w) = -50*w**2. Let o be -12 + 66/(54/9). Determine s(o).
-50
Let b(z) = z**3 + 3*z**2 - 5*z + 1. Let q(i) = -i**3 - 2*i**2 + 4*i + 4. Let p = -11 - 14. Let g = -27 - p. Let o be q(g). Give b(o).
5
Let p(i) be the second derivative of i**4/8 - 4*i**2 + 8*i. Let b(w) be the first derivative of p(w). Determine b(-1).
-3
Let m = -195 + 304. Let o = m - 109. Let k(i) = -i - 11. What is k(o)?
-11
Suppose -g + 6*g - 15 = 0. Let k(q) = -q + g*q - q. Let s(p) = 4*p**2 + 13*p + 5. Let y be s(-3). Determine k(y).
2
Let i = -48 + 50. Suppose -x = 2*f - 3*f - 7, 4*x - 16 = i*f. Let d(v) = 3*v + 8. Give d(f).
-10
Let c(l) = 6*l + 3. Let v be (-6)/9*((-95)/10 + 2). Determine c(v).
33
Let b(u) = 3 + 4*u**2 + u**2 - u**3 - 6*u + 0*u**2. Let h = -101 + 105. Suppose h*r - 8*r = -16. Give b(r).
-5
Let q(a) = 0*a + 14 - 3 - 10 + a**2 - 8*a - 9. Let f(m) = 7*m**2 + 4*m - 3. Let w be f(1). Calculate q(w).
-8
Let f = -7 - -7. Let l(u) = -u**3 + u**2 + 16. Give l(f).
16
Let u(r) = r**2 + 8*r + 4. Let a(w) = -9*w**3 + 3*w**2 + w - 2. Let m be a(1). Give u(m).
-3
Let g(p) = -p - 9. Suppose 2*m = -5*s + 5*m - 55, 0 = -m. Determine g(s).
2
Let j(f) = -f**2 - f. Let k(o) = o**3 + 5*o**2 + 6*o + 1. Let m(h) = 11*j(h) + 2*k(h). Calculate m(-2).
-20
Let o(y) be the third derivative of y**4/24 - y**2 + 81. Calculate o(-2).
-2
Let a(c) = c. Suppose 0*h = 5*z - 3*h + 97, z = 3*h - 29. Let n = -9 - z. Let x(f) = -f**2 + 8*f + 3. Let k be x(n). Determine a(k).
3
Let a(p) = p**2 + 5*p + 1. Let k(x) = -2*x**2 - x**2 - 4 - 14*x - x. Let t(b) = -11*a(b) - 4*k(b). Let r be 43/(-9) + (-2)/9. Calculate t(r).
5
Let s = -44 + 45. Let y(o) = -15 - s - o**2 - 9*o + 5. What is y(-8)?
-3
Let f(s) = 4*s - 7. Let x(k) = -1. Let y(g) = -f(g) + 4*x(g). Suppose -2*j + 5*j + 31 = 4*c, 0 = -2*c - 4*j - 12. Give y(c).
-13
Let i(h) = 4*h - 1. Let t be -6 - (22/88)/((-2)/(-24)). Let r(o) = 0*o**3 + 7*o**2 + 3*o**2 + o**3 + 10 + 10*o. Let g be r(t). Give i(g).
3
Let r = -22 - -27. Let b(a) = -a + 4 + 4*a + r*a - 7*a. Calculate b(-4).
0
Suppose 4 = -5*h - 4*x, -2*x + 2 = 4. Let s(g) = 6*g - 4 + g**2 + 4*g - 4*g + h*g**2. Determine s(-6).
-4
Suppose 5*o = p - 21, 4*o + 15 = -o - 5*p. Let i(w) = -4*w**2 - w - w**3 - 4 + w - w. What is i(o)?
0
Let o(u) = 5*u - 16 + 2 + 8 - 3*u. Let h be 7 - 4*7/2. Calculate o(h).
-20
Let w(g) be the first derivative of 11*g**3/3 + g + 59. Give w(1).
12
Let p(a) = 4*a**2 + 9*a. Let q(w) = w**2 - 68*w + 370. Let y be q(6). Determine p(y).
-2
Let u(h) = h**2 + 10*h + 16. Let b be (40/14)/(26/(-91)) - -3. Calculate u(b).
-5
Suppose l + 6 = 4*y, -2*y + 5*l = 11 - 5. Let p(k) be the third